{"version":"1.0","provider_name":"Motocicletas Suzuki","provider_url":"https:\/\/servicemanualsgsxr.com\/es","title":"El stand de Suzuki en Motodays 2013 | Motocicletas Suzuki","type":"rich","width":600,"height":338,"html":"<blockquote class=\"wp-embedded-content\" data-secret=\"B7h3jpOA2F\"><a href=\"https:\/\/servicemanualsgsxr.com\/es\/noticias-suzuki\/el-stand-de-suzuki-en-motodays-2013\/\">El stand de Suzuki en Motodays 2013<\/a><\/blockquote><iframe sandbox=\"allow-scripts\" security=\"restricted\" src=\"https:\/\/servicemanualsgsxr.com\/es\/noticias-suzuki\/el-stand-de-suzuki-en-motodays-2013\/embed\/#?secret=B7h3jpOA2F\" width=\"600\" height=\"338\" title=\"\u00abEl stand de Suzuki en Motodays 2013\u00bb \u2014 Motocicletas Suzuki\" data-secret=\"B7h3jpOA2F\" frameborder=\"0\" marginwidth=\"0\" marginheight=\"0\" scrolling=\"no\" class=\"wp-embedded-content\"><\/iframe><script>\n\/*! This file is auto-generated *\/\n!function(d,l){\"use strict\";l.querySelector&&d.addEventListener&&\"undefined\"!=typeof URL&&(d.wp=d.wp||{},d.wp.receiveEmbedMessage||(d.wp.receiveEmbedMessage=function(e){var t=e.data;if((t||t.secret||t.message||t.value)&&!\/[^a-zA-Z0-9]\/.test(t.secret)){for(var s,r,n,a=l.querySelectorAll('iframe[data-secret=\"'+t.secret+'\"]'),o=l.querySelectorAll('blockquote[data-secret=\"'+t.secret+'\"]'),c=new RegExp(\"^https?:$\",\"i\"),i=0;i<o.length;i++)o[i].style.display=\"none\";for(i=0;i<a.length;i++)s=a[i],e.source===s.contentWindow&&(s.removeAttribute(\"style\"),\"height\"===t.message?(1e3<(r=parseInt(t.value,10))?r=1e3:~~r<200&&(r=200),s.height=r):\"link\"===t.message&&(r=new URL(s.getAttribute(\"src\")),n=new URL(t.value),c.test(n.protocol))&&n.host===r.host&&l.activeElement===s&&(d.top.location.href=t.value))}},d.addEventListener(\"message\",d.wp.receiveEmbedMessage,!1),l.addEventListener(\"DOMContentLoaded\",function(){for(var e,t,s=l.querySelectorAll(\"iframe.wp-embedded-content\"),r=0;r<s.length;r++)(t=(e=s[r]).getAttribute(\"data-secret\"))||(t=Math.random().toString(36).substring(2,12),e.src+=\"#?secret=\"+t,e.setAttribute(\"data-secret\",t)),e.contentWindow.postMessage({message:\"ready\",secret:t},\"*\")},!1)))}(window,document);\n\/\/# sourceURL=https:\/\/servicemanualsgsxr.com\/es\/wp-includes\/js\/wp-embed.min.js\n<\/script>\n","thumbnail_url":"https:\/\/servicemanualsgsxr.com\/es\/wp-content\/uploads\/2023\/09\/suzuki-motorcycles-logo.png","thumbnail_width":670,"thumbnail_height":126,"description":"Se est\u00e1 celebrando estos dias, del 7 al 10 de Marzo, la Feria de la Moto en Roma, el sal\u00f3n Motodays 2013. Adem\u00e1s de los muchos stands de marcas vinculadas al mundo de las dos ruedas, se presenta tambi\u00e9n la casa Suzuki con algunos modelos nuevos, como la edici\u00f3n especial 1 mill\u00f3n de la Suzuki [&hellip;]"}

Se está celebrando estos dias, del 7 al 10 de Marzo, la Feria de la Moto en Roma, el salón Motodays 2013. Además de los muchos stands de marcas vinculadas al mundo de las dos ruedas, se presenta también la casa Suzuki con algunos modelos nuevos, como la edición especial 1 millón de la Suzuki [&hellip;]
